Let a be 10 + 1*(3 + -4). Suppose i - a = -0. Suppose 2*r = r + i. List the prime factors of r.
3
Let z be 14/(-35) + 17/5. Suppose 7 = -z*g + 2*j, -5*g + 4*g + 5 = 3*j. What are the prime factors of (-2)/(12/20 + g)?
5
Let o = -22 - -26. Suppose 18 + 66 = o*a. Suppose -148 = -25*b + a*b. List the prime factors of b.
37
Suppose 0*u + 27 = 9*u. Let l(f) = 3*f**3 - f**2 - f + 1. List the prime factors of l(u).
2, 5, 7
Let y be 1/2 - 78/(-12). Let l = -7 - y. List the prime factors of (l - (-2)/1)*-2.
2, 3
Let u(r) = -6*r + 12. Let s be u(4). Let h(w) = -4*w**2 + 11*w + 3. Let q(x) = x**2. Let f(t) = h(t) + 5*q(t). What are the prime factors of f(s)?
3, 5
Let f(j) = -j**3 - 5*j**2 - j + 17. Let p be f(-7). Suppose 4*x + p = 378. List the prime factors of x.
2
Let o be (-9)/27 + (-38)/(-6). Let m = -8 + 8. Let s = o + m. List the prime factors of s.
2, 3
Suppose -5*u - 1 = 14. Let m be (-2 - -2)/u - 44. Let j = m + 71. What are the prime factors of j?
3
Let i(z) = -z**3 + 13*z**2 + 13*z - 9. Let n(u) = 5*u - 42. Let o be n(11). List the prime factors of i(o).
2, 5
Suppose -6*p - 10962 = -20*p. What are the prime factors of p?
3, 29
Suppose -11*q + 428 = -5215. What are the prime factors of q?
3, 19
Let z(b) = 15*b**2 - b + 3. Suppose -4*k = -k + 6. What are the prime factors of z(k)?
5, 13
Let i = 2811 - 366. List the prime factors of i.
3, 5, 163
Suppose 0 = -6*p + 2*p + 120. Suppose -5*t = 2*y - 50, 0 = -0*t + 3*t + 4*y - p. What are the prime factors of t?
2, 5
Let x = -16 - -20. Suppose 289 = x*k + 33. List the prime factors of k.
2
Let g be (1*(-1)/(-2))/((-2)/(-784)). Suppose -27*s = -25*s - g. What are the prime factors of s?
2, 7
What are the prime factors of (3/(-1))/(10/(-2450))?
3, 5, 7
Let v = -20 + 26. Let h(r) = r - 3. Let o be h(v). Suppose -2*d + 6*f + 4 = o*f, -4*f = -5*d + 10. List the prime factors of d.
2
Suppose 0 = -3*c - 2*c - 4*o + 5348, 0 = -5*c + 3*o + 5334. List the prime factors of c.
2, 3, 89
Suppose 60 = 5*t - 35. Suppose 15*v = t*v + 20. List the prime factors of (-7 - v)*18/(-4).
3
Let d be 2/(-6)*2*3. Let k(g) = 9*g**2 - 2*g - 2. Let j(n) = n**2. Let x(i) = -4*j(i) + k(i). List the prime factors of x(d).
2, 11
Let w = -31 - -127. Suppose 0 = 5*c - 3*i - w, c + 0*c + 5*i - 8 = 0. What are the prime factors of c?
2, 3
Let q be (0*(-3)/12)/(1 - 0). Suppose q = 3*h - 0*h - 321. What are the prime factors of h?
107
Let t be 3/(-6)*-4 + 2. What are the prime factors of 85/1 + (-5)/10*t?
83
Let m(r) = -r**2 - 2*r + 118. Suppose -16*w = -15*w. List the prime factors of m(w).
2, 59
Let m = -1076 + 1647. List the prime factors of m.
571
Suppose 13*s - 12015 = -2*s. What are the prime factors of s?
3, 89
Suppose 5*c - 234 = 2176. Let p = c + -246. What are the prime factors of p?
2, 59
Let x(f) = -2*f**3 + 52*f**2 + 49*f - 63. Let m(g) = g**3 - 26*g**2 - 25*g + 31. Let t(c) = -11*m(c) - 6*x(c). What are the prime factors of t(27)?
11, 23
Suppose -14*i = -5*i - 5868. Suppose 4*g - i = 256. List the prime factors of g.
227
Let a(w) = 16*w**2 + 10*w - 41. What are the prime factors of a(5)?
409
Let x(y) be the third derivative of 43*y**5/60 - y**4/24 - y**2. Let a be x(-1). What are the prime factors of 101/11 - 8/a?
3
Let f(o) = 31*o**3 - 2*o - 1. Let y be f(-1). Let c be ((-2)/(-5))/((-3)/y). Suppose -5*d + 34 = c. What are the prime factors of d?
2, 3
Suppose -2*r + q = -2171, -3*r + 23*q = 28*q - 3250. List the prime factors of r.
5, 7, 31
Let o(f) = -2*f**2 + 7*f - 5. Let t be o(4). Let s be (-235)/(-45) + 2/t. Suppose -4*j + 3*n + 15 + 294 = 0, -s*j + 384 = -3*n. What are the prime factors of j?
3, 5
Let u be 1/(4 - (-7)/(-2)). Suppose -u*y + 154 = 3*x - 0*x, -5*y + 367 = 3*x. What are the prime factors of y?
71
Suppose -t = 4*t - 65. Suppose 4*j - t = -1. Suppose 5*p - 4 = -4*a, -2*a - p = j*a - 26. List the prime factors of a.
2, 3
Suppose 2*t + 3 = -2*b - 1, -5*b = -3*t + 34. Suppose 2*c = t*z - 25, 5*z - 49 + 4 = 4*c. Suppose z*p - 11 - 69 = 0. What are the prime factors of p?
2
Let g = 32 + -62. What are the prime factors of (-146)/g - (-2)/15?
5
Suppose 6*q + h = 7*q - 2337, 4*h = -3*q + 7039. What are the prime factors of q?
2341
Suppose a - 5*a + 2564 = 0. Suppose 5*x + a = -7*f + 3*f, -5*x - 2*f = 633. Let k = -57 - x. List the prime factors of k.
2, 17
Let h = -2618 - -2620. Let k(b) = 6*b**2 - b + 3. Let u be k(-3). Suppose -h*o - u = -166. List the prime factors of o.
53
Let n = 123 - 93. What are the prime factors of (n/(-4))/(2/(-36))?
3, 5
List the prime factors of ((-8)/(-5))/((-114)/(-47025)).
2, 3, 5, 11
What are the prime factors of (-4)/(-32)*12902 - 5/(-4)?
2, 3, 269
Suppose -y - 2*w = 1, w + 3 = -y + 5. Suppose r - q + 176 = 3*r, y*q + 455 = 5*r. What are the prime factors of r?
89
Suppose -52 = -0*b + 13*b. What are the prime factors of (66/(-10))/(b/20)?
3, 11
Suppose 240*n - 239*n - 2618 = 0. What are the prime factors of n?
2, 7, 11, 17
What are the prime factors of (-34312386)/(-5214) - (9/11 + -1)?
6581
Let o(c) = 2*c**3 - 24*c**2 + 4*c + 64. What are the prime factors of o(16)?
2, 17
Let a(g) = g**3 - 12*g**2 + 3*g - 27. Let j be a(12). Suppose -j*s = -361 - 386. List the prime factors of s.
83
Let u(l) = 5*l**2 - 13*l + 7. Suppose -8*g + 66 = 2. What are the prime factors of u(g)?
223
Suppose 0 = -7*b + 6*b - 4. List the prime factors of (((-32)/(-20))/b)/(5/(-3200)).
2
Let u(d) be the third derivative of -d**4/24 - 4*d**3/3 - 2*d**2. Let x be u(-10). Suppose o = x*o, 114 = 3*s - 5*o. List the prime factors of s.
2, 19
Let j = 167 + -104. Suppose 2*h + j = -5*s, 5*s - 2*s = 3*h - 42. Let p = 27 + s. What are the prime factors of p?
2, 7
Let s(a) = -a - 10. Let w be s(-6). Let g(f) = 8*f**2 + 7*f - 3. Let x be g(w). Suppose -x = -5*c - 22. What are the prime factors of c?
3, 5
Let f(l) = 3*l - 9. Let q be (-4*1)/4 + -10. Let g be f(q). List the prime factors of (-12)/g - 248/(-14).
2, 3
Let w be 36/10 + 12/30. Suppose 4*l = 32 + w. Let g(v) = -v**3 + 10*v**2 - 5*v + 13. List the prime factors of g(l).
7
Suppose 0*j - 475 = 4*h - 5*j, 5*h - 3*j + 597 = 0. Suppose -u + w = 168, -w - 539 = 3*u + 3*w. Let n = h - u. What are the prime factors of n?
53
Let n(b) = 1433*b + 14. List the prime factors of n(3).
19, 227
Let m(p) = -p**2 - 9*p + 14. Let x(s) = s**3 - 3*s**2 - 4*s - 9. Let t be x(4). What are the prime factors of m(t)?
2, 7
Let c be -1 - (0/2 - 3). Suppose 4*w - 56 = -4*h, 3*w - c*w + 3*h = 24. What are the prime factors of (-4)/18 - (-101)/w?
11
Suppose -38*z + 36*z = -7982. List the prime factors of z.
13, 307
List the prime factors of 5/2*2/10*224.
2, 7
Suppose 1878*d = 1868*d + 28400. What are the prime factors of d?
2, 5, 71
Let r = 9 - 13. Let k(d) = -d**3 - 4*d**2 + d. Let i be k(r). What are the prime factors of i/14 + 51/7?
7
Let n(b) = 9*b - 13. Let m be n(-9). Let k = 177 + m. List the prime factors of k.
83
Let n = 22 - 15. Let i be (29 - n) + (2 - 6). What are the prime factors of (i/(-12))/(1/(-6))?
3
Suppose -q = -0*q + 15. Let l be ((-24)/q)/2*5. Let f(z) = z + 1. List the prime factors of f(l).
5
Let w = 20 - 10. Let i be 6*((-35)/w + 3). List the prime factors of (-3)/(i + 6)*-44.
2, 11
List the prime factors of (-4)/(-7) - (-15516)/42.
2, 5, 37
Let v(k) be the second derivative of k**5/120 + k**4/4 - 11*k**3/6 + 6*k. Let o(g) be the second derivative of v(g). What are the prime factors of o(5)?
11
Let i(k) = -k**3 + 13*k**2 - k + 12. Let p be i(11). Suppose -p - 461 = -8*t. List the prime factors of t.
2, 11
What are the prime factors of ((-5410)/(-10))/((2/1)/4)?
2, 541
Let z(f) = 5*f - 15. Let q(l) = -140*l + 420. Let w(i) = 6*q(i) + 170*z(i). List the prime factors of w(12).
2, 3, 5
Suppose 13*n - 8*n - 130 = 0. Suppose -3*c + 80 = n. Suppose -q - 9 = -t, 4*q - c = t - 3*t. What are the prime factors of t?
3
Suppose 2*f + t + 22 - 1082 = 0, -4*f + 2*t + 2128 = 0. Suppose 4*r - f = 5*b, 2*r - 3*b + b - 268 = 0. What are the prime factors of r?
139
Suppose -5*y + 3*l - 337 = 0, 3*y - l + 207 = -4*l. Let i = y - -98. What are the prime factors of i?
2, 3, 5
Suppose 0 = -5*z + a + 304, -5*a - 15 = 5. Let h = 27 - z. Let m = -22 - h. What are the prime factors of m?
11
Suppose -s = 4*i - 2723, s + 2*s - 1369 = -2*i. List the prime factors of i.
2, 5, 17
Suppose -3*n =